e remainder when 2389892 is divided by 498.
488
Calculate the remainder when 735715 is divided by 431.
429
Calculate the remainder when 707171 is divided by 68.
39
What is the remainder when 957181 is divided by 3029?
17
What is the remainder when 32501 is divided by 3053?
1971
What is the remainder when 61710646 is divided by 16509?
4
What is the remainder when 169928 is divided by 762?
2
What is the remainder when 338463 is divided by 3869?
1860
Calculate the remainder when 6087411 is divided by 66892.
239
Calculate the remainder when 99687 is divided by 33229.
0
What is the remainder when 14057 is divided by 6759?
539
What is the remainder when 616512 is divided by 88054?
134
What is the remainder when 1505025 is divided by 936?
873
Calculate the remainder when 25654978 is divided by 62.
60
Calculate the remainder when 167004 is divided by 166936.
68
What is the remainder when 1286754 is divided by 1269?
1257
What is the remainder when 195198 is divided by 1791?
1770
What is the remainder when 3467820550 is divided by 84?
82
What is the remainder when 135199081 is divided by 713?
21
Calculate the remainder when 34659 is divided by 7779.
3543
Calculate the remainder when 723133 is divided by 151.
145
Calculate the remainder when 11595496 is divided by 1733.
1726
What is the remainder when 462341 is divided by 256?
5
What is the remainder when 1198787 is divided by 37450?
387
Calculate the remainder when 587768 is divided by 36735.
8
What is the remainder when 36149 is divided by 143?
113
What is the remainder when 6105806 is divided by 60?
26
Calculate the remainder when 1934682 is divided by 21737.
89
Calculate the remainder when 238241 is divided by 76995.
7256
Calculate the remainder when 1760236 is divided by 97774.
304
Calculate the remainder when 136038 is divided by 21408.
7590
What is the remainder when 33757464 is divided by 226?
70
What is the remainder when 74129028 is divided by 80?
68
Calculate the remainder when 59301 is divided by 5391.
0
What is the remainder when 884214 is divided by 5458?
18
What is the remainder when 55954784 is divided by 13988686?
40
What is the remainder when 11557776 is divided by 25346?
0
Calculate the remainder when 4286 is divided by 509.
214
Calculate the remainder when 51392 is divided by 7316.
180
What is the remainder when 42140204 is divided by 4483?
4
What is the remainder when 139815981 is divided by 42?
39
Calculate the remainder when 12871170 is divided by 1591.
1571
What is the remainder when 4730053 is divided by 1019?
874
Calculate the remainder when 31057331 is divided by 1381.
22
What is the remainder when 15729927 is divided by 7864961?
5
What is the remainder when 660685 is divided by 14?
11
Calculate the remainder when 2994578 is divided by 240.
98
What is the remainder when 57313 is divided by 3482?
1601
What is the remainder when 53317278 is divided by 53317272?
6
Calculate the remainder when 4463626 is divided by 268.
86
Calculate the remainder when 31019 is divided by 15509.
1
What is the remainder when 294237 is divided by 86?
31
Calculate the remainder when 11112879 is divided by 2778177.
171
Calculate the remainder when 4489249 is divided by 177.
175
What is the remainder when 4244200 is divided by 323?
303
What is the remainder when 1314325 is divided by 6474?
103
What is the remainder when 11974703 is divided by 1441?
1434
What is the remainder when 4104893 is divided by 14?
9
What is the remainder when 35179612 is divided by 155662?
0
Calculate the remainder when 50644 is divided by 4614.
4504
Calculate the remainder when 8532996 is divided by 948104.
60
Calculate the remainder when 128057 is divided by 3545.
437
What is the remainder when 121552 is divided by 3381?
3217
Calculate the remainder when 5526351 is divided by 287.
166
What is the remainder when 41405 is divided by 86?
39
Calculate the remainder when 104898 is divided by 2530.
1168
Calculate the remainder when 164398907 is divided by 4566636.
11
Calculate the remainder when 1351155 is divided by 10.
5
What is the remainder when 743211 is divided by 371429?
353
What is the remainder when 30177932 is divided by 72196?
4
What is the remainder when 668558 is divided by 12375?
308
What is the remainder when 2429495 is divided by 1214741?
13
What is the remainder when 407415 is divided by 81233?
1250
What is the remainder when 1062012 is divided by 7481?
7191
What is the remainder when 1471396 is divided by 5039?
8
What is the remainder when 3330312 is divided by 52840?
1392
What is the remainder when 308473260 is divided by 983?
979
What is the remainder when 630329 is divided by 11057?
80
Calculate the remainder when 1361828 is divided by 125.
78
Calculate the remainder when 3470344 is divided by 867582.
16
What is the remainder when 2151852 is divided by 3331?
26
Calculate the remainder when 165645 is divided by 1079.
558
What is the remainder when 7250409 is divided by 800?
9
What is the remainder when 2931188 is divided by 3867?
2
Calculate the remainder when 33771598 is divided by 2360.
2358
Calculate the remainder when 37276955 is divided by 2656.
2651
What is the remainder when 32530 is divided by 285?
40
What is the remainder when 61715621 is divided by 227?
223
What is the remainder when 468852 is divided by 3064?
60
What is the remainder when 163210260 is divided by 468995?
0
Calculate the remainder when 802704 is divided by 4722.
4686
Calculate the remainder when 717660 is divided by 4849.
8
Calculate the remainder when 307465994 is divided by 2507.
2500
Calculate the remainder when 137065 is divided by 695.
150
What is the remainder when 1429077 is divided by 15?
12
Calculate the remainder when 107904 is divided by 6761.
6489
Calculate the remainder when 113215 is divided by 3945.
2755
Calculate the remainder when 914390 is divided by 62.
14
What is the remainder when 105706 is divided by 2465?
2176
Calculate the remainder when 28002901 is divided by 2154068.
17
Calculate the remainder when 5436125 is divided by 526.
441
What is the remainder when 7810567 is divided by 192?
7
Calculate the remainder when 7965616 is divided by 1748.
1728
Calculate the remainder when 210942 is divided by 4687.
27
What is the remainder when 2429254 is divided by 859?
2
What is the remainder when 64183 is divided by 534?
103
Calculate the remainder when 4063045 is divided by 349.
336
Calculate the remainder when 66635 is divided by 3951.
3419
Calculate the remainder when 5859522 is divided by 175.
172
Calculate the remainder when 332522 is divided by 1190.
512
Calculate the remainder when 9382594 is divided by 33390.
4
What is the remainder when 147021 is divided by 24497?
39
What is the remainder when 12523446 is divided by 107038?
0
What is the remainder when 3598288 is divided by 242?
232
Calculate the remainder when 2154288 is divided by 324.
12
Calculate the remainder when 57415868 is divided by 47.
10
Calculate the remainder when 188761390 is divided by 149.
144
Calculate the remainder when 88875714 is divided by 60.
54
Calculate the remainder when 428787 is divided by 19325.
3637
What is the remainder when 862335 is divided by 3608?
23
Calculate the remainder when 653092 is divided by 1375.
1342
Calculate the remainder when 147505 is divided by 987.
442
Calculate the remainder when 32773204 is divided by 69.
67
What is the remainder when 1212712 is divided by 1182?
1162
What is the remainder when 27057205 is divided by 149?
146
Calculate the remainder when 15728593 is divided by 23.
20
Calculate the remainder when 61063 is divided by 1695.
43
What is the remainder when 515241 is divided by 1641?
1608
Calculate the remainder when 42304615 is divided by 539.
122
What is the remainder when 2635889 is divided by 27?
14
What is the remainder when 70331 is divided by 341?
85
Calculate the remainder when 9519511 is divided by 1359926.
29
Calculate the remainder when 7690400 is divided by 3845141.
118
Calculate the remainder when 10286525 is divided by 190.
115
Calculate the remainder when 15211263 is divided by 15211156.
107
What is the remainder when 874591 is divided by 17?
9
Calculate the remainder when 46641502 is divided by 5830187.
6
What is the remainder when 33753 is divided by 737?
588
What is the remainder when